{"version":"1.0","type":"rich","provider_name":"Handivelo.fr","provider_url":"https:\/\/handivelo.fr","title":"Rejoignez la balade inclusive du 26\/04\/2026","author_name":"handivelo","width":"480","height":"295","url":"https:\/\/handivelo.fr\/rejoignez-la-balade-inclusive-du-26-04-2026.html","html":"\u003Ch4 class='title'\u003E\u003Ca href='https:\/\/handivelo.fr\/rejoignez-la-balade-inclusive-du-26-04-2026.html'\u003ERejoignez la balade inclusive du 26\/04\/2026\u003C\/a\u003E\u003C\/h4\u003E\u003Cblockquote class='spip'\u003E\u003Cp\u003ERejoignez la Balade Inclusive le 26\/04\/2026 au Parc Floral de Paris&nbsp;! Ouverte \u00e0 tous, v\u00e9los adapt\u00e9s bienvenus. Inscription gratuite obligatoire.\u003C\/p\u003E\u003C\/blockquote\u003E\n"}

<h4 class='title'><a href='https://handivelo.fr/rejoignez-la-balade-inclusive-du-26-04-2026.html'>Rejoignez la balade inclusive du 26/04/2026</a></h4><blockquote class='spip'><p>Rejoignez la Balade Inclusive le 26/04/2026 au Parc Floral de Paris&nbsp;! Ouverte à tous, vélos adaptés bienvenus. Inscription gratuite obligatoire.</p></blockquote>
