{"version":"1.0","type":"rich","provider_name":"Handivelo.fr","provider_url":"https:\/\/handivelo.fr","title":"Journ\u00e9e mobilit\u00e9 adapt\u00e9e","author_name":"handivelo","width":"480","height":"295","url":"https:\/\/handivelo.fr\/journee-mobilite-adaptee.html","html":"\u003Ch4 class='title'\u003E\u003Ca href='https:\/\/handivelo.fr\/journee-mobilite-adaptee.html'\u003EJourn\u00e9e mobilit\u00e9 adapt\u00e9e\u003C\/a\u003E\u003C\/h4\u003E\u003Cblockquote class='spip'\u003E\n\u003Cp\u003EMobilit\u00e9, libert\u00e9, plaisir&nbsp;: rendez-vous dans notre showroom de Montaigu-Vend\u00e9e pour essayer les v\u00e9los adapt\u00e9s vanRaam et trouver celui qui vous correspond. \n\nUne journ\u00e9e exceptionnelle d\u00e9di\u00e9e aux v\u00e9los adapt\u00e9s&nbsp;! Le jeudi 9&nbsp;avril, de 9h \u00e0 18h, notre showroom prend un accent hollandais en accueillant exceptionnellement vanRaam, le plus grand fabricant de v\u00e9los adapt\u00e9s. Nous vous donnons rendez-vous au 4 rue Augustin Fresnel \u00e0 Montaigu pour d\u00e9couvrir, \u00e9changer et surtout tester une gamme de&nbsp;(\u2026)\u003C\/p\u003E\n\u003C\/blockquote\u003E\n"}

Journée mobilité adaptée

<h4 class='title'><a href='https://handivelo.fr/journee-mobilite-adaptee.html'>Journée mobilité adaptée</a></h4><blockquote class='spip'>
<p>Mobilité, liberté, plaisir&nbsp;: rendez-vous dans notre showroom de Montaigu-Vendée pour essayer les vélos adaptés vanRaam et trouver celui qui vous correspond. 

Une journée exceptionnelle dédiée aux vélos adaptés&nbsp;! Le jeudi 9&nbsp;avril, de 9h à 18h, notre showroom prend un accent hollandais en accueillant exceptionnellement vanRaam, le plus grand fabricant de vélos adaptés. Nous vous donnons rendez-vous au 4 rue Augustin Fresnel à Montaigu pour découvrir, échanger et surtout tester une gamme de&nbsp;(…)</p>
</blockquote>
